{"id":1875,"date":"2024-11-15T14:49:51","date_gmt":"2024-11-15T11:49:51","guid":{"rendered":"http:\/\/drzeynepgedikozkose.com\/?page_id=1875"},"modified":"2024-11-21T14:30:57","modified_gmt":"2024-11-21T11:30:57","slug":"vajina-vulva-genclestirme-islemleri","status":"publish","type":"page","link":"https:\/\/drzeynepgedikozkose.com\/?page_id=1875","title":{"rendered":"Vajina-Vulva Gen\u00e7le\u015ftirme \u0130\u015flemleri"},"content":{"rendered":"<p>[vc_row][vc_column][vc_column_text]<span style=\"font-size: 12pt;\"><strong>Vajina Gen\u00e7le\u015ftirme Nedir?<\/strong><\/span><\/p>\n<p>Y\u0131llarla birlikte ya\u015f\u0131n ilerlemesi, ger\u00e7ekle\u015fen vajinal do\u011fumlar, menapozla birlikte azalm\u0131\u015f \u00f6strojen d\u00fczeyi ve kollojen dokuda artm\u0131\u015f y\u0131k\u0131m, azalm\u0131\u015f yap\u0131m\u0131 vajinada bir tak\u0131m de\u011fi\u015fikliklere neden olmaktad\u0131r.<\/p>\n<p>Vajinan\u0131n esnekli\u011finin azalmas\u0131, kuruluklar, vulvada renk de\u011fi\u015fiklikleri, i\u00e7 dudaklar\u0131n sarkmas\u0131 ve asimetrik g\u00f6r\u00fcnt\u00fcleri, vol\u00fcms\u00fcz d\u0131\u015f dudaklar kad\u0131nda hem i\u015flevsel hemde esetik bozukluklara yol a\u00e7abilmektedir. Bu sebeplerle kad\u0131nlar, vajina gen\u00e7le\u015ftirme operasyonlar\u0131 yapt\u0131rmaktad\u0131r.<\/p>\n<p><span style=\"font-size: 12pt;\"><strong>Vajina Gen\u00e7le\u015ftirme Nas\u0131l Yap\u0131l\u0131r?<\/strong><\/span><\/p>\n<p>Vajina gen\u00e7le\u015ftirme (vajinal rej\u00fcverasyon) terimi son y\u0131llarda kullan\u0131lan bir ifade. Vajina gen\u00e7le\u015ftirme y\u0131llar i\u00e7inde hem hormonal de\u011fi\u015fenler hem kollajen dokudaki y\u0131k\u0131mlar nedeniyle eski formunu, s\u0131k\u0131l\u0131\u011f\u0131n\u0131 kaybeden veya vajina ve d\u0131\u015f genital b\u00f6lgeye uygulanan i\u015flemlerin t\u00fcm\u00fcne verilen bir ifadedir.<\/p>\n<p><span style=\"font-size: 12pt;\"><strong>Vajina Gen\u00e7le\u015ftirme Y\u00f6ntemleri Nelerdir?<\/strong><\/span><br \/>\nVajina gen\u00e7le\u015ftirme, yaln\u0131zca anatomik olarak vajina daraltmay\u0131 de\u011fil fonksiyonel olarak al\u0131nan hazz\u0131 ve duyarl\u0131l\u0131\u011f\u0131 da artt\u0131rmay\u0131 hedefleyen bu i\u015flemler birka\u00e7 metod kullan\u0131larak yap\u0131l\u0131r.<\/p>\n<p><strong>Vajina gen\u00e7le\u015ftirme y\u00f6ntemleri ba\u015fl\u0131ca \u015funlard\u0131r;<\/strong><\/p>\n<p>Vajinan\u0131n cerrahi olarak daralt\u0131lmas\u0131 (vajinoplasti),<br \/>\nLazerle vajinal daraltma i\u015flemi,<br \/>\nLabioplasti (i\u00e7 dudak esteti\u011fi.<br \/>\nK\u00fc\u00e7\u00fck dudaklar\u0131n estetik operasyon (labioplasti) ve b\u00fcy\u00fck dudaklara ya\u011f veya kollajen enjeksiyonlar\u0131 ile vajina eski darl\u0131\u011f\u0131na kavu\u015fur elastikiyeti artar, vulvan\u0131n d\u0131\u015far\u0131dan g\u00f6r\u00fcnt\u00fcs\u00fc gen\u00e7le\u015fir, b\u00fcy\u00fck dudaklar daha hacimli gen\u00e7 bir g\u00f6r\u00fcnt\u00fcye kavu\u015fur.<\/p>\n<p>&nbsp;<\/p>\n<p>&nbsp;<\/p>\n<p>&nbsp;<\/p>\n<div>\n<p>Sayfa bilgilendirme ama\u00e7l\u0131d\u0131r. Tan\u0131 ve Tedavi i\u00e7in doktorunuza ba\u015fvurunuz.<\/p>\n<pre>G\u00fcncelleme Tarihi 18.11.2024<\/pre>\n<\/div>\n<div><\/div>\n<p>[\/vc_column_text][\/vc_column][\/vc_row]<\/p>\n","protected":false},"excerpt":{"rendered":"<p>[vc_row][vc_column][vc_column_text]Vajina Gen\u00e7le\u015ftirme Nedir? Y\u0131llarla birlikte ya\u015f\u0131n ilerlemesi, ger\u00e7ekle\u015fen vajinal do\u011fumlar, menapozla birlikte azalm\u0131\u015f \u00f6strojen d\u00fczeyi ve kollojen dokuda artm\u0131\u015f y\u0131k\u0131m, azalm\u0131\u015f yap\u0131m\u0131 vajinada bir tak\u0131m de\u011fi\u015fikliklere neden olmaktad\u0131r. Vajinan\u0131n esnekli\u011finin azalmas\u0131, kuruluklar, vulvada renk de\u011fi\u015fiklikleri, i\u00e7 dudaklar\u0131n sarkmas\u0131 ve asimetrik g\u00f6r\u00fcnt\u00fcleri, vol\u00fcms\u00fcz d\u0131\u015f dudaklar kad\u0131nda hem i\u015flevsel hemde esetik bozukluklara yol a\u00e7abilmektedir. Bu sebeplerle kad\u0131nlar,&hellip;<\/p>\n","protected":false},"author":2,"featured_media":0,"parent":0,"menu_order":0,"comment_status":"closed","ping_status":"closed","template":"","meta":{"inline_featured_image":false,"_joinchat":[]},"_links":{"self":[{"href":"https:\/\/drzeynepgedikozkose.com\/index.php?rest_route=\/wp\/v2\/pages\/1875"}],"collection":[{"href":"https:\/\/drzeynepgedikozkose.com\/index.php?rest_route=\/wp\/v2\/pages"}],"about":[{"href":"https:\/\/drzeynepgedikozkose.com\/index.php?rest_route=\/wp\/v2\/types\/page"}],"author":[{"embeddable":true,"href":"https:\/\/drzeynepgedikozkose.com\/index.php?rest_route=\/wp\/v2\/users\/2"}],"replies":[{"embeddable":true,"href":"https:\/\/drzeynepgedikozkose.com\/index.php?rest_route=%2Fwp%2Fv2%2Fcomments&post=1875"}],"version-history":[{"count":4,"href":"https:\/\/drzeynepgedikozkose.com\/index.php?rest_route=\/wp\/v2\/pages\/1875\/revisions"}],"predecessor-version":[{"id":2007,"href":"https:\/\/drzeynepgedikozkose.com\/index.php?rest_route=\/wp\/v2\/pages\/1875\/revisions\/2007"}],"wp:attachment":[{"href":"https:\/\/drzeynepgedikozkose.com\/index.php?rest_route=%2Fwp%2Fv2%2Fmedia&parent=1875"}],"curies":[{"name":"wp","href":"https:\/\/api.w.org\/{rel}","templated":true}]}}