{"id":1851,"date":"2024-11-15T14:39:21","date_gmt":"2024-11-15T11:39:21","guid":{"rendered":"http:\/\/drzeynepgedikozkose.com\/?page_id=1851"},"modified":"2024-11-21T14:11:14","modified_gmt":"2024-11-21T11:11:14","slug":"kizlik-zari-onarimi","status":"publish","type":"page","link":"https:\/\/drzeynepgedikozkose.com\/?page_id=1851","title":{"rendered":"K\u0131zl\u0131k Zar\u0131 Onar\u0131m\u0131"},"content":{"rendered":"<p>[vc_row][vc_column][vc_column_text]<strong>K\u0131zl\u0131k zar\u0131<\/strong>, vajinan\u0131n giri\u015f k\u0131sm\u0131nda bulunan, dudaklar\u0131n 1-1,5 cm i\u00e7 k\u0131sm\u0131nda, k\u00fc\u00e7\u00fck dudaklara ba\u011fl\u0131 k\u0131vr\u0131m \u015feklinde bir yap\u0131d\u0131r. Orta k\u0131sm\u0131nda adet kan\u0131n\u0131n ve vaginal salg\u0131lar\u0131n akmas\u0131n\u0131 sa\u011flayan delik veya delik\u00e7ikler bulunur. Baz\u0131 vakalarda bu zarda hi\u00e7 delik olmayabilir ve zar vajina \u00e7\u0131k\u0131\u015f\u0131n\u0131 kapatabilir. Bu durum genellikle k\u0131z \u00e7ocuklar\u0131n\u0131n ilk adet g\u00f6rd\u00fc\u011f\u00fcnde adet kan\u0131n\u0131n d\u0131\u015far\u0131ya akamamas\u0131 sonucu klinik \u015fikayetler ile ortaya \u00e7\u0131kar. Bu durumun tedavisi \u00e7ok basittir. Ufak bir kesik ile zar a\u00e7\u0131l\u0131r.<\/p>\n<p>K\u0131zl\u0131k zar\u0131n\u0131n ilk cinsel ili\u015fkide y\u0131rt\u0131l\u0131p kanamas\u0131 beklenmektedir. Ancak baz\u0131 zarlar\u0131n deli\u011fi olduk\u00e7a b\u00fcy\u00fck veya esnek olabilmektedir. Bu sayede penis k\u0131zl\u0131k zar\u0131n\u0131n y\u0131rt\u0131lmas\u0131na sebep olmadan girip \u00e7\u0131kabilir. G\u00fcn\u00fcm\u00fczde kullan\u0131lan adet tamponlar\u0131 da k\u0131zl\u0131k zar\u0131n\u0131n y\u0131rt\u0131lmas\u0131na neden olabilmektedir. Mast\u00fcrbasyon s\u0131ras\u0131nda orgazma ula\u015fan kad\u0131n farketmeden k\u0131zl\u0131k zar\u0131n\u0131 y\u0131rtabilir. Y\u0131rt\u0131lan k\u0131zl\u0131k zar\u0131 hi\u00e7bir durumda kendili\u011finden eski haline gelmez.<\/p>\n<p><strong>K\u0131zl\u0131k zar\u0131 tamiri (hymenoplasti)<\/strong> ameliyat\u0131 genellikle sosyal olarak s\u0131k\u0131nt\u0131 \u00e7ekmekten ve toplumsal bask\u0131dan \u00e7ekinen han\u0131mlar\u0131n endi\u015felerini gidermek i\u00e7in yap\u0131lan hassas bir i\u015flemdir. Kal\u0131c\u0131 (flep y\u00f6ntemi) ve k\u0131sa s\u00fcreli olmak \u00fczere iki \u015fekilde yap\u0131labilen bu operasyon, lokal veya genel anestezi alt\u0131nda uygulanabilir. S\u00fcresi yar\u0131m saati a\u015fmayan bu i\u015flem, kad\u0131n genital b\u00f6lgesini kapsayan di\u011fer t\u00fcm jinekolojik m\u00fcdahaleler gibi <strong>Kad\u0131n Hastal\u0131klar\u0131 ve Do\u011fum<\/strong> hekimleri taraf\u0131ndan yap\u0131lmal\u0131d\u0131r.<\/p>\n<h2><span style=\"font-size: 12pt;\">Kal\u0131c\u0131 k\u0131zl\u0131k zar\u0131 dikimi nedir?<\/span><\/h2>\n<p><strong>Kal\u0131c\u0131 k\u0131zl\u0131k zar\u0131 onar\u0131m\u0131<\/strong> lokal anestezi alt\u0131nda a\u011fr\u0131, ac\u0131 duymadan yap\u0131lan, yapay bir k\u0131zl\u0131k zar\u0131 olu\u015fturularak vajina duvar\u0131na ile birle\u015ftirilmesi ve ili\u015fki s\u0131ras\u0131nda kanama ger\u00e7ekle\u015fmesi hedeflenen cerrahi y\u00f6ntemdir. Kal\u0131c\u0131 k\u0131zl\u0131k sar\u0131\u00a0di\u011fer <strong>k\u0131zl\u0131k zar\u0131 dikim<\/strong> metotlar\u0131na g\u00f6re daha y\u00fcksek ba\u015far\u0131 oran\u0131na sahiptir. <strong>Kal\u0131c\u0131 k\u0131zl\u0131k zar\u0131 dikimi<\/strong> ile operasyondan sonra ister bir ister be\u015f y\u0131l sonra ilk ili\u015fkide kanama ya\u015fanmas\u0131 hedeflenir.<\/p>\n<h3>Kal\u0131c\u0131 k\u0131zl\u0131k zar\u0131 dikimi ne zaman yap\u0131l\u0131r?<\/h3>\n<p><b>K\u0131zl\u0131k zar\u0131\u00a0<\/b>metotlar\u0131ndan biri olan. evlilik sonras\u0131 cinsel ili\u015fkinin ya\u015fanaca\u011f\u0131 zaman otuz g\u00fcnden fazla zamanda ger\u00e7ekle\u015fecek ise tercih edilen cerrahi bir y\u00f6ntemdir. Daha k\u0131sa s\u00fcrede ger\u00e7ekle\u015fecek evlilikler i\u00e7in ge\u00e7ici k\u0131zl\u0131k zar\u0131 onar\u0131m\u0131 yap\u0131labilmektedir. <strong>Kal\u0131c\u0131 k\u0131zl\u0131k zar\u0131 dikimi operasyonu<\/strong>sonras\u0131nda enfeksiyon riskinden dolay\u0131 hijyen kurallar\u0131na dikkat edilmeli, varsa re\u00e7ete edilen ila\u00e7lar d\u00fczenli kullan\u0131lmal\u0131, havuz ve denize girilmemelidir.<\/p>\n<h3>Kal\u0131c\u0131 k\u0131zl\u0131k zar\u0131 dikimi yap\u0131ld\u0131\u011f\u0131 anla\u015f\u0131l\u0131r m\u0131?<\/h3>\n<p><strong>K\u0131zl\u0131k zar\u0131 dikimi yapt\u0131ranlar<\/strong>\u00a0taraf\u0131ndan en \u00e7ok sorulan sorulardan biri kal\u0131c\u0131 k\u0131zl\u0131k zar\u0131 dikiminin yap\u0131ld\u0131\u011f\u0131 anla\u015f\u0131l\u0131r m\u0131 olmaktad\u0131r. Kal\u0131c\u0131 k\u0131zl\u0131k zar\u0131 dikimi yap\u0131l\u0131p, ili\u015fki ger\u00e7ekle\u015ftikten sonra yap\u0131lacak gebelik takibi, do\u011fum, ultrason, mr, kan tetkikleri gibi durumlarda k\u0131zl\u0131k zar\u0131 dikimi yap\u0131ld\u0131\u011f\u0131 anla\u015f\u0131lmaz. Cinsel ili\u015fki ger\u00e7ekle\u015fmeden yap\u0131lacak\u00a0<strong>k\u0131zl\u0131k zar\u0131 muayenesi<\/strong>\u00a0ile bir kad\u0131n hastal\u0131klar\u0131 ve do\u011fum uzman\u0131 taraf\u0131ndan anla\u015f\u0131lmas\u0131 m\u00fcmk\u00fcnd\u00fcr.<\/p>\n<p>&nbsp;<\/p>\n<p>&nbsp;<\/p>\n<p>&nbsp;<\/p>\n<div>\n<p>Sayfa bilgilendirme ama\u00e7l\u0131d\u0131r. Tan\u0131 ve Tedavi i\u00e7in doktorunuza ba\u015fvurunuz.<\/p>\n<pre>G\u00fcncelleme Tarihi 18.11.2024<\/pre>\n<\/div>\n<div><\/div>\n<p>[\/vc_column_text][\/vc_column][\/vc_row]<\/p>\n","protected":false},"excerpt":{"rendered":"<p>[vc_row][vc_column][vc_column_text]K\u0131zl\u0131k zar\u0131, vajinan\u0131n giri\u015f k\u0131sm\u0131nda bulunan, dudaklar\u0131n 1-1,5 cm i\u00e7 k\u0131sm\u0131nda, k\u00fc\u00e7\u00fck dudaklara ba\u011fl\u0131 k\u0131vr\u0131m \u015feklinde bir yap\u0131d\u0131r. Orta k\u0131sm\u0131nda adet kan\u0131n\u0131n ve vaginal salg\u0131lar\u0131n akmas\u0131n\u0131 sa\u011flayan delik veya delik\u00e7ikler bulunur. Baz\u0131 vakalarda bu zarda hi\u00e7 delik olmayabilir ve zar vajina \u00e7\u0131k\u0131\u015f\u0131n\u0131 kapatabilir. Bu durum genellikle k\u0131z \u00e7ocuklar\u0131n\u0131n ilk adet g\u00f6rd\u00fc\u011f\u00fcnde adet kan\u0131n\u0131n d\u0131\u015far\u0131ya akamamas\u0131&hellip;<\/p>\n","protected":false},"author":2,"featured_media":0,"parent":0,"menu_order":0,"comment_status":"closed","ping_status":"closed","template":"","meta":{"inline_featured_image":false,"_joinchat":[]},"_links":{"self":[{"href":"https:\/\/drzeynepgedikozkose.com\/index.php?rest_route=\/wp\/v2\/pages\/1851"}],"collection":[{"href":"https:\/\/drzeynepgedikozkose.com\/index.php?rest_route=\/wp\/v2\/pages"}],"about":[{"href":"https:\/\/drzeynepgedikozkose.com\/index.php?rest_route=\/wp\/v2\/types\/page"}],"author":[{"embeddable":true,"href":"https:\/\/drzeynepgedikozkose.com\/index.php?rest_route=\/wp\/v2\/users\/2"}],"replies":[{"embeddable":true,"href":"https:\/\/drzeynepgedikozkose.com\/index.php?rest_route=%2Fwp%2Fv2%2Fcomments&post=1851"}],"version-history":[{"count":3,"href":"https:\/\/drzeynepgedikozkose.com\/index.php?rest_route=\/wp\/v2\/pages\/1851\/revisions"}],"predecessor-version":[{"id":1992,"href":"https:\/\/drzeynepgedikozkose.com\/index.php?rest_route=\/wp\/v2\/pages\/1851\/revisions\/1992"}],"wp:attachment":[{"href":"https:\/\/drzeynepgedikozkose.com\/index.php?rest_route=%2Fwp%2Fv2%2Fmedia&parent=1851"}],"curies":[{"name":"wp","href":"https:\/\/api.w.org\/{rel}","templated":true}]}}