{"id":1849,"date":"2024-11-15T14:38:51","date_gmt":"2024-11-15T11:38:51","guid":{"rendered":"http:\/\/drzeynepgedikozkose.com\/?page_id=1849"},"modified":"2024-11-21T14:12:10","modified_gmt":"2024-11-21T11:12:10","slug":"kolposkopi","status":"publish","type":"page","link":"https:\/\/drzeynepgedikozkose.com\/?page_id=1849","title":{"rendered":"Kolposkopi"},"content":{"rendered":"<p>[vc_row][vc_column][vc_column_text]<\/p>\n<h2><span style=\"font-size: 12pt;\"><b>Kolposkopi nedir?\u00a0<\/b><\/span><\/h2>\n<div><\/div>\n<div>Kolposkopi rahim a\u011fz\u0131n\u0131 incelemek i\u00e7in kullan\u0131lan y\u00f6ntemdir. Rahim a\u011fz\u0131n\u0131 de\u011ferlendirmek ve olu\u015fan hastal\u0131klar\u0131 saptamak i\u00e7in kullan\u0131l\u0131r. Kolposkop aletlerinin ucunda bir \u0131\u015f\u0131k yer al\u0131\u0131r ve \u0131\u015f\u0131k yard\u0131m\u0131yla rahim a\u011fz\u0131 g\u00f6r\u00fcnt\u00fclenir. Ayr\u0131ca bu cihazlar\u0131n b\u00fcy\u00fctme kapasitesi olduk\u00e7a iyidir. 6 veya 40 kata kadar b\u00fcy\u00fctme \u00f6zelli\u011fi g\u00f6sterir. Klinik bir i\u015flem oldu\u011fu i\u00e7in pek can yakmaz. Genellikle vajinan\u0131n g\u00f6zle muayenesi s\u0131ras\u0131nda b\u00fcy\u00fctme amac\u0131yla kullan\u0131lmaktad\u0131r. Muayene sonras\u0131 hastal\u0131k \u015f\u00fcphesi mevcutsa kolposkopik bir biyopsi istenebilir.<\/div>\n<div><\/div>\n<h2><span style=\"font-size: 12pt;\"><b>Kolposkopi Nas\u0131l Uygulan\u0131r?<\/b><\/span><\/h2>\n<div>Bu i\u015flem klinik bir ortamda uzman doktorlar taraf\u0131ndan uygulan\u0131r. Hasta s\u0131rt\u00fcst\u00fc ve ayaklar\u0131 a\u00e7\u0131k bir \u015fekilde uzan\u0131r. Rahimi daha rahat g\u00f6rmek i\u00e7in serviks a\u011fz\u0131na bir aparat tak\u0131l\u0131r ve bu aparat rahim a\u011fz\u0131n\u0131 geni\u015fletir.Bu aparata spekulum ad\u0131 verilir. Serviks b\u00f6lgesi \u00f6zel sol\u00fcsyonlar ile \u00a0bir \u015fekilde y\u0131kan\u0131r. Kolposkop ad\u0131 verilen cihaz haz\u0131rlan\u0131r ve vajinan\u0131n \u00f6n\u00fcne yerle\u015ftirilir fakat hi\u00e7bir \u015fekilde bir \u015fekilde vajinan\u0131n i\u00e7erisine sokulmaz. Vajina i\u00e7inde yer alan dokular b\u00fcy\u00fct\u00fcr ve g\u00f6r\u00fcnt\u00fc elde edilir. Sorun yaratacak bir lezyon tespit edilmedi\u011fi taktirde i\u015flem sonland\u0131r\u0131l\u0131r. Ancak farkl\u0131 bir lezyon saptan\u0131rsa kolposkopik biyopsi i\u015flemi ger\u00e7ekle\u015ftirilir.<\/div>\n<div><\/div>\n<div><\/div>\n<div><\/div>\n<div>\n<div>\n<p>Sayfa bilgilendirme ama\u00e7l\u0131d\u0131r. Tan\u0131 ve Tedavi i\u00e7in doktorunuza ba\u015fvurunuz.<\/p>\n<pre>G\u00fcncelleme Tarihi 18.11.2024<\/pre>\n<\/div>\n<div><\/div>\n<\/div>\n<p>[\/vc_column_text][\/vc_column][\/vc_row]<\/p>\n","protected":false},"excerpt":{"rendered":"<p>[vc_row][vc_column][vc_column_text] Kolposkopi nedir?\u00a0 Kolposkopi rahim a\u011fz\u0131n\u0131 incelemek i\u00e7in kullan\u0131lan y\u00f6ntemdir. Rahim a\u011fz\u0131n\u0131 de\u011ferlendirmek ve olu\u015fan hastal\u0131klar\u0131 saptamak i\u00e7in kullan\u0131l\u0131r. Kolposkop aletlerinin ucunda bir \u0131\u015f\u0131k yer al\u0131\u0131r ve \u0131\u015f\u0131k yard\u0131m\u0131yla rahim a\u011fz\u0131 g\u00f6r\u00fcnt\u00fclenir. Ayr\u0131ca bu cihazlar\u0131n b\u00fcy\u00fctme kapasitesi olduk\u00e7a iyidir. 6 veya 40 kata kadar b\u00fcy\u00fctme \u00f6zelli\u011fi g\u00f6sterir. Klinik bir i\u015flem oldu\u011fu i\u00e7in pek can yakmaz.&hellip;<\/p>\n","protected":false},"author":2,"featured_media":0,"parent":0,"menu_order":0,"comment_status":"closed","ping_status":"closed","template":"","meta":{"inline_featured_image":false,"_joinchat":[]},"_links":{"self":[{"href":"https:\/\/drzeynepgedikozkose.com\/index.php?rest_route=\/wp\/v2\/pages\/1849"}],"collection":[{"href":"https:\/\/drzeynepgedikozkose.com\/index.php?rest_route=\/wp\/v2\/pages"}],"about":[{"href":"https:\/\/drzeynepgedikozkose.com\/index.php?rest_route=\/wp\/v2\/types\/page"}],"author":[{"embeddable":true,"href":"https:\/\/drzeynepgedikozkose.com\/index.php?rest_route=\/wp\/v2\/users\/2"}],"replies":[{"embeddable":true,"href":"https:\/\/drzeynepgedikozkose.com\/index.php?rest_route=%2Fwp%2Fv2%2Fcomments&post=1849"}],"version-history":[{"count":3,"href":"https:\/\/drzeynepgedikozkose.com\/index.php?rest_route=\/wp\/v2\/pages\/1849\/revisions"}],"predecessor-version":[{"id":1993,"href":"https:\/\/drzeynepgedikozkose.com\/index.php?rest_route=\/wp\/v2\/pages\/1849\/revisions\/1993"}],"wp:attachment":[{"href":"https:\/\/drzeynepgedikozkose.com\/index.php?rest_route=%2Fwp%2Fv2%2Fmedia&parent=1849"}],"curies":[{"name":"wp","href":"https:\/\/api.w.org\/{rel}","templated":true}]}}