{"id":1847,"date":"2024-11-15T14:38:19","date_gmt":"2024-11-15T11:38:19","guid":{"rendered":"http:\/\/drzeynepgedikozkose.com\/?page_id=1847"},"modified":"2024-11-21T14:05:37","modified_gmt":"2024-11-21T11:05:37","slug":"genital-sigil-ve-tedavisi","status":"publish","type":"page","link":"https:\/\/drzeynepgedikozkose.com\/?page_id=1847","title":{"rendered":"Genital Si\u011fil ve Tedavisi"},"content":{"rendered":"<p>[vc_row][vc_column][vc_column_text]Genital si\u011fil, genital b\u00f6lgede veya \u00e7evresinde (penis, vajina, an\u00fcs veya perineum) meydana gelen, HPV (Human Papilloma Virus) ad\u0131 verilen bir vir\u00fcs\u00fcn yol a\u00e7t\u0131\u011f\u0131 lezyonlard\u0131r. Genital si\u011filler, tek bir si\u011fil veya k\u00fc\u00e7\u00fck bir k\u00fcme \u015feklinde ortaya \u00e7\u0131kabilir. Genital si\u011fil olu\u015fumu, ciltte k\u00fc\u00e7\u00fck, sert kabarc\u0131klar \u015feklinde ba\u015flar ve zamanla b\u00fcy\u00fcr. Bu si\u011filler genellikle renksiz ya da cilt tonuna uygun renktedir ancak bazen k\u0131rm\u0131z\u0131 veya kahverengi de olabilirler. Genital si\u011filler genellikle a\u011fr\u0131s\u0131zd\u0131r, ancak baz\u0131 durumlarda ka\u015f\u0131nt\u0131, kanama veya hassasiyet gibi semptomlara neden olabilir.<\/p>\n<h2 id=\"Genital_si\u011fil_belirtileri_nelerdir?\"><span style=\"font-size: 12pt;\"><strong>Genital si\u011fil belirtileri nelerdir?<\/strong><\/span><\/h2>\n<p>Genital si\u011fil belirtileri ki\u015fiden ki\u015fiye farkl\u0131l\u0131k g\u00f6sterir. Baz\u0131 ki\u015filerde, genital si\u011fillerin varl\u0131\u011f\u0131na dair belirgin bir semptom olmayabilir. Bununla birlikte, genital si\u011fillerin en yayg\u0131n belirtileri \u015fu \u015fekildedir:<\/p>\n<ul>\n<li>Ciltte k\u00fc\u00e7\u00fck, sert kabarc\u0131klar\u0131n meydana gelmesi.<\/li>\n<li>Kabarc\u0131klar\u0131n b\u00fcy\u00fcmesi ve \u00e7o\u011falmas\u0131.<\/li>\n<li>Kabarc\u0131klar\u0131n ka\u015f\u0131nt\u0131, hassasiyet veya a\u011fr\u0131ya neden olmas\u0131.<\/li>\n<li>Kanama veya enfeksiyon riski artmas\u0131.<\/li>\n<\/ul>\n<h2 id=\"_Genital_si\u011fil_nas\u0131l_bula\u015f\u0131r?\"><span style=\"font-size: 12pt;\"><strong>Genital si\u011fil nas\u0131l bula\u015f\u0131r?<\/strong><\/span><\/h2>\n<p>Genital si\u011file neden olan HPV vir\u00fcs\u00fc, enfekte bir ki\u015fi ile cinsel temas (vajinal, anal veya oral seks) yoluyla bula\u015fabilir. Bu nedenle, kondom kullan\u0131m\u0131 bu enfeksiyonun yay\u0131lmas\u0131n\u0131 \u00f6nlemede yard\u0131mc\u0131 olabilir\u00a0ancak tamamen \u00f6nleyemez. HPV vir\u00fcs\u00fc bazen enfekte ki\u015filerde herhangi bir belirtiye neden olmadan kalabilir ve bu nedenle enfeksiyonun kayna\u011f\u0131 tespit edilemeyebilir.<\/p>\n<p>&nbsp;<\/p>\n<p>&nbsp;<\/p>\n<p>&nbsp;<\/p>\n<div>\n<p>Sayfa bilgilendirme ama\u00e7l\u0131d\u0131r. Tan\u0131 ve Tedavi i\u00e7in doktorunuza ba\u015fvurunuz.<\/p>\n<pre>G\u00fcncelleme Tarihi 18.11.2024<\/pre>\n<\/div>\n<div><\/div>\n<p>[\/vc_column_text][\/vc_column][\/vc_row]<\/p>\n","protected":false},"excerpt":{"rendered":"<p>[vc_row][vc_column][vc_column_text]Genital si\u011fil, genital b\u00f6lgede veya \u00e7evresinde (penis, vajina, an\u00fcs veya perineum) meydana gelen, HPV (Human Papilloma Virus) ad\u0131 verilen bir vir\u00fcs\u00fcn yol a\u00e7t\u0131\u011f\u0131 lezyonlard\u0131r. Genital si\u011filler, tek bir si\u011fil veya k\u00fc\u00e7\u00fck bir k\u00fcme \u015feklinde ortaya \u00e7\u0131kabilir. Genital si\u011fil olu\u015fumu, ciltte k\u00fc\u00e7\u00fck, sert kabarc\u0131klar \u015feklinde ba\u015flar ve zamanla b\u00fcy\u00fcr. Bu si\u011filler genellikle renksiz ya da cilt&hellip;<\/p>\n","protected":false},"author":2,"featured_media":0,"parent":0,"menu_order":0,"comment_status":"closed","ping_status":"closed","template":"","meta":{"inline_featured_image":false,"_joinchat":[]},"_links":{"self":[{"href":"https:\/\/drzeynepgedikozkose.com\/index.php?rest_route=\/wp\/v2\/pages\/1847"}],"collection":[{"href":"https:\/\/drzeynepgedikozkose.com\/index.php?rest_route=\/wp\/v2\/pages"}],"about":[{"href":"https:\/\/drzeynepgedikozkose.com\/index.php?rest_route=\/wp\/v2\/types\/page"}],"author":[{"embeddable":true,"href":"https:\/\/drzeynepgedikozkose.com\/index.php?rest_route=\/wp\/v2\/users\/2"}],"replies":[{"embeddable":true,"href":"https:\/\/drzeynepgedikozkose.com\/index.php?rest_route=%2Fwp%2Fv2%2Fcomments&post=1847"}],"version-history":[{"count":3,"href":"https:\/\/drzeynepgedikozkose.com\/index.php?rest_route=\/wp\/v2\/pages\/1847\/revisions"}],"predecessor-version":[{"id":1986,"href":"https:\/\/drzeynepgedikozkose.com\/index.php?rest_route=\/wp\/v2\/pages\/1847\/revisions\/1986"}],"wp:attachment":[{"href":"https:\/\/drzeynepgedikozkose.com\/index.php?rest_route=%2Fwp%2Fv2%2Fmedia&parent=1847"}],"curies":[{"name":"wp","href":"https:\/\/api.w.org\/{rel}","templated":true}]}}