{"id":1751,"date":"2024-11-15T13:49:14","date_gmt":"2024-11-15T10:49:14","guid":{"rendered":"http:\/\/drzeynepgedikozkose.com\/?page_id=1751"},"modified":"2024-11-21T14:10:22","modified_gmt":"2024-11-21T11:10:22","slug":"kan-uyusmazligi-nedir","status":"publish","type":"page","link":"https:\/\/drzeynepgedikozkose.com\/?page_id=1751","title":{"rendered":"Kan Uyu\u015fmazl\u0131\u011f\u0131 Nedir?"},"content":{"rendered":"<p>[vc_row][vc_column][vc_column_text]<\/p>\n<h2>Kan Uyu\u015fmazl\u0131\u011f\u0131 Nedir?<\/h2>\n<p>Kan gruplar\u0131 A, B ve 0&#8217;a g\u00f6re s\u0131n\u0131fland\u0131r\u0131l\u0131r ve Rh fakt\u00f6r\u00fc pozitif veya negatif olarak kan grubunun yan\u0131na eklenir. Bir annenin kan grubunun yeni do\u011fan \u00e7ocu\u011fununkiyle uyu\u015fmamas\u0131na kan uyu\u015fmazl\u0131\u011f\u0131 ad\u0131 verilir. Kan uyu\u015fmazl\u0131\u011f\u0131 anne ve baban\u0131n kan grubunun RH pozitif ve RH negatif de\u011ferleri \u00fczerinden ilerleyen bir durum olmakla birlikte, annenin kan\u0131n\u0131n RH negatif, bebe\u011fin kan\u0131n\u0131n ise Rh pozitif olmas\u0131 halinde ortaya \u00e7\u0131kar.<\/p>\n<h2><strong id=\"kan-uyusmazligi-nasil-teshis-edilir\">Kan Uyu\u015fmazl\u0131\u011f\u0131 Nas\u0131l Te\u015fhis Edilir\u00a0<\/strong><strong id=\"kan-uyusmazligi-nasil-teshis-edilir\">?<\/strong><\/h2>\n<p>Uzman doktor, do\u011fum \u00f6ncesinde kan uyu\u015fmazl\u0131\u011f\u0131 tespiti i\u00e7in kan grubu ve Rh fakt\u00f6r\u00fc test yap\u0131lmas\u0131n\u0131 talep edebilir. B\u00f6ylelikle Rh pozitif mi ya da negatif mi oldu\u011fu ortaya \u00e7\u0131kar. Bu test genellikle rutin ilk trimester (ilk \u00fc\u00e7 ayl\u0131k d\u00f6nem) kan tetkikleri ile birlikte yap\u0131lmaktad\u0131r. Ancak vajinal kanama olmas\u0131 durumunda bu test daha erken yap\u0131labilir.<\/p>\n<p>Anne aday\u0131n\u0131n kan\u0131 kan uyu\u015fmazl\u0131\u011f\u0131 testinde, Rh negatif \u00e7\u0131karsa, uzman doktor antikor taramas\u0131 ad\u0131 verilen ba\u015fka bir test isteyebilir. Bu test ile anne aday\u0131n\u0131n kan\u0131nda Rh antikorlar\u0131n\u0131n bulunup bulunmad\u0131\u011f\u0131 kontrol edilir. Antikor testi pozitif \u00e7\u0131karsa, anne aday\u0131n\u0131n kan uyu\u015fmazl\u0131\u011f\u0131 riski alt\u0131nda oldu\u011fu belirlenir. Antikor testi negatif \u00e7\u0131karsa, antikor olu\u015fumunu \u00f6nlemek i\u00e7in anne aday\u0131na Rh imm\u00fcnoglobulin (Rhlg) verilir. \u0130mm\u00fcnoglobulin genellikle gebeli\u011fin 28. haftas\u0131 ve do\u011fumdan sonraki 72 saat i\u00e7inde; ancak anne aday\u0131n\u0131n kanama veya ba\u015fka komplikasyonlar\u0131 varsa, hamileli\u011fin erken d\u00f6nemlerin de de uygulanabilir.<\/p>\n<p>&nbsp;<\/p>\n<p>&nbsp;<\/p>\n<p>&nbsp;<\/p>\n<div>\n<p>Sayfa bilgilendirme ama\u00e7l\u0131d\u0131r. Tan\u0131 ve Tedavi i\u00e7in doktorunuza ba\u015fvurunuz.<\/p>\n<pre>G\u00fcncelleme Tarihi 18.11.2024<\/pre>\n<\/div>\n<div><\/div>\n<p>[\/vc_column_text][\/vc_column][\/vc_row]<\/p>\n","protected":false},"excerpt":{"rendered":"<p>[vc_row][vc_column][vc_column_text] Kan Uyu\u015fmazl\u0131\u011f\u0131 Nedir? Kan gruplar\u0131 A, B ve 0&#8217;a g\u00f6re s\u0131n\u0131fland\u0131r\u0131l\u0131r ve Rh fakt\u00f6r\u00fc pozitif veya negatif olarak kan grubunun yan\u0131na eklenir. Bir annenin kan grubunun yeni do\u011fan \u00e7ocu\u011fununkiyle uyu\u015fmamas\u0131na kan uyu\u015fmazl\u0131\u011f\u0131 ad\u0131 verilir. Kan uyu\u015fmazl\u0131\u011f\u0131 anne ve baban\u0131n kan grubunun RH pozitif ve RH negatif de\u011ferleri \u00fczerinden ilerleyen bir durum olmakla birlikte, annenin&hellip;<\/p>\n","protected":false},"author":2,"featured_media":0,"parent":0,"menu_order":0,"comment_status":"closed","ping_status":"closed","template":"","meta":{"inline_featured_image":false,"_joinchat":[]},"_links":{"self":[{"href":"https:\/\/drzeynepgedikozkose.com\/index.php?rest_route=\/wp\/v2\/pages\/1751"}],"collection":[{"href":"https:\/\/drzeynepgedikozkose.com\/index.php?rest_route=\/wp\/v2\/pages"}],"about":[{"href":"https:\/\/drzeynepgedikozkose.com\/index.php?rest_route=\/wp\/v2\/types\/page"}],"author":[{"embeddable":true,"href":"https:\/\/drzeynepgedikozkose.com\/index.php?rest_route=\/wp\/v2\/users\/2"}],"replies":[{"embeddable":true,"href":"https:\/\/drzeynepgedikozkose.com\/index.php?rest_route=%2Fwp%2Fv2%2Fcomments&post=1751"}],"version-history":[{"count":4,"href":"https:\/\/drzeynepgedikozkose.com\/index.php?rest_route=\/wp\/v2\/pages\/1751\/revisions"}],"predecessor-version":[{"id":1991,"href":"https:\/\/drzeynepgedikozkose.com\/index.php?rest_route=\/wp\/v2\/pages\/1751\/revisions\/1991"}],"wp:attachment":[{"href":"https:\/\/drzeynepgedikozkose.com\/index.php?rest_route=%2Fwp%2Fv2%2Fmedia&parent=1751"}],"curies":[{"name":"wp","href":"https:\/\/api.w.org\/{rel}","templated":true}]}}