{"id":1745,"date":"2024-11-15T13:46:28","date_gmt":"2024-11-15T10:46:28","guid":{"rendered":"http:\/\/drzeynepgedikozkose.com\/?page_id=1745"},"modified":"2024-11-21T13:54:41","modified_gmt":"2024-11-21T10:54:41","slug":"cogul-gebelikler","status":"publish","type":"page","link":"https:\/\/drzeynepgedikozkose.com\/?page_id=1745","title":{"rendered":"\u00c7o\u011ful Gebelikler"},"content":{"rendered":"<p>[vc_row][vc_column][vc_column_text]<\/p>\n<h2 id=\"cogul-gebelik-nedir\"><span style=\"font-size: 12pt;\">\u00c7o\u011ful Gebelik Nedir?<\/span><\/h2>\n<p>Birden fazla yumurtan\u0131n ayn\u0131 anda d\u00f6llenmesi veya tek yumurtadan ikiye ya da daha fazla b\u00f6l\u00fcnen h\u00fccrelerin ayr\u0131 embriyolar olu\u015fturmas\u0131 \u00e7o\u011ful gebelik olarak adland\u0131r\u0131l\u0131r. En s\u0131k g\u00f6r\u00fclen \u00e7o\u011ful gebelik, ikiz gebeliktir. \u00c7o\u011ful gebelikler her 1000 gebeli\u011fin 3\u2019\u00fcnde ger\u00e7ekle\u015fir. Ancak son zamanlarda bu oran, \u00fcremeye yard\u0131mc\u0131 t\u00fcp bebek gibi tedavi y\u00f6ntemlerinin uygulanmas\u0131 ile art\u0131\u015f g\u00f6stermektedir. \u00c7o\u011ful gebeli\u011fin artmas\u0131ndaki bir di\u011fer etken ise gebelik ya\u015f\u0131n\u0131n ilerlemesidir. 35 ya\u015f\u0131n \u00fczerinde olan veya ailesinde \u00e7o\u011ful gebelik bulunan kad\u0131nlar\u0131n \u00e7o\u011ful gebelik ge\u00e7irme olas\u0131l\u0131\u011f\u0131 y\u00fcksektir.<\/p>\n<h2 id=\"tek-yumurta-ikizleri-monozigot-ikizler\"><span style=\"font-size: 12pt;\">Tek Yumurta \u0130kizleri (Monozigot \u0130kizler)<\/span><\/h2>\n<p>D\u00f6llenmi\u015f tek bir yumurtan\u0131n ikiye b\u00f6l\u00fcnmesi ile olu\u015fan tek yumurta ikizleri, monozigot ikizler olarak da adland\u0131r\u0131l\u0131r. Tek yumurta ikizlerinin ayn\u0131 sperm ve yumurtan\u0131n genetik bilgisini ta\u015f\u0131malar\u0131 sebebiyle fiziksel \u00f6zellikleri de ayn\u0131 olur, dolay\u0131s\u0131yla \u00e7o\u011fu tek yumurta ikizini birbirinden ay\u0131rt etmek olduk\u00e7a zordur. Her 250 gebeli\u011fin 1\u2019inde g\u00f6r\u00fclen tek yumurta ikizlerinde, yumurtan\u0131n d\u00f6llenmeden ne kadar s\u00fcre sonra ikiye b\u00f6l\u00fcnd\u00fc\u011f\u00fc de de\u011fi\u015fiklik yaratan bir fakt\u00f6rd\u00fcr. D\u00f6llenmeden sonraki ilk 72 saat i\u00e7erisinde b\u00f6l\u00fcnme ger\u00e7ekle\u015firse iki amniyon zar\u0131 ve iki plasenta olu\u015fur. B\u00f6l\u00fcnme 4 ila 8 g\u00fcn aras\u0131nda olursa iki amniyon zar\u0131 ve bir plasenta olu\u015fur. 8. g\u00fcn olu\u015fan b\u00f6l\u00fcnmede ise bir amniyon zar\u0131 ve bir plasenta olur; bu durum monozigot ikizlerin %1\u2019ini olu\u015fturur. Ancak 8. g\u00fcnden sonra olu\u015fan b\u00f6l\u00fcnmelerde, siyam ikizleri (yap\u0131\u015f\u0131k ikizler) durumu ortaya \u00e7\u0131kar.<\/p>\n<div class=\"row\"><\/div>\n<p>&nbsp;<\/p>\n<h2 id=\"cift-yumurta-ikizleri-dizigot-ikizler\"><span style=\"font-size: 12pt;\">\u00c7ift Yumurta \u0130kizleri (Dizigot \u0130kizler)<\/span><\/h2>\n<p>\u0130ki ayr\u0131 yumurtan\u0131n ayr\u0131 iki sperm taraf\u0131ndan d\u00f6llenmesi ile \u00e7ift yumurta ikizleri olu\u015fur. Genetik olarak ayn\u0131 olmayan dizigot ikizler, d\u0131\u015f g\u00f6r\u00fcn\u00fc\u015f olarak da birbirlerinden farkl\u0131d\u0131r. \u00c7ift yumurta ikizlerinin %30\u2019u farkl\u0131 cinsiyetlerde iken, %70\u2019i ayn\u0131 cinsiyette olabilir. Yap\u0131lan ara\u015ft\u0131rmalara g\u00f6re, \u00e7ift yumurta ikizlerinin fiziksel \u00f6zellikleri, ayn\u0131 anne ve babadan farkl\u0131 zamanlarda do\u011fmu\u015f \u00e7ocuklardaki kadar farkl\u0131 olabilir. \u00c7ift yumurta ikizleri, \u00e7o\u011ful gebeliklerin yakla\u015f\u0131k %75\u2019ini olu\u015fturur.<\/p>\n<div class=\"row\"><\/div>\n<p>&nbsp;<\/p>\n<h2 id=\"cogul-gebelik-olasiligini-artiran-faktorler\"><span style=\"font-size: 12pt;\">\u00c7o\u011ful Gebelik Olas\u0131l\u0131\u011f\u0131n\u0131 Art\u0131ran Fakt\u00f6rler<\/span><\/h2>\n<p>4 veya daha fazla \u00e7ocu\u011fa sahip olan ya da 35 ya\u015f\u0131n \u00fcst\u00fcnde olan kad\u0131nlar\u0131n \u00e7o\u011ful gebelik ya\u015fama ihtimali, 20 ya\u015f alt\u0131nda ve \u00e7ocu\u011fu olmayan kad\u0131nlara oranla 3 kat daha fazlad\u0131r. Annenin boyu ve kilosu da \u00e7o\u011ful gebeli\u011fe etki eden bir fakt\u00f6rd\u00fcr. Uzun boylu ve daha kilolu olan kad\u0131nlarda \u00e7o\u011ful gebelik g\u00f6r\u00fclme ihtimali daha y\u00fcksektir.<\/p>\n<p>Kendisi \u00e7ift yumurta ikizi olan bir annenin \u00e7o\u011ful gebelik yapma olas\u0131l\u0131\u011f\u0131 tekil gebelik yapma ihtimaline g\u00f6re 2 kat daha fazlad\u0131r. Bu da \u00e7o\u011ful gebeliklerde genetik fakt\u00f6rlerin etkili oldu\u011funu g\u00f6sterir. Annenin ikiz olmas\u0131, baban\u0131n ikiz olma durumundan daha etkilidir. \u00d6yle ki, \u00e7ift yumurta ikizlerinden biri erkek ise, bu ki\u015finin \u00e7ocuklar\u0131n\u0131n ikiz olma ihtimali 125\u2019te 1 oranda g\u00f6r\u00fcl\u00fcr.<\/p>\n<p>K\u0131s\u0131rl\u0131k ve gebe kalamama durumlar\u0131nda uygulanan tedavi y\u00f6ntemleri de \u00e7o\u011ful gebeliklerin say\u0131s\u0131n\u0131 \u00f6nemli \u00f6l\u00e7\u00fcde art\u0131rm\u0131\u015ft\u0131r. Ancak 2010 y\u0131l\u0131nda T\u00fcrkiye\u2019de y\u00fcr\u00fcrl\u00fc\u011fe giren yeni kanun ile \u00f6zel durumlar haricinde rahme birden fazla embriyo yerle\u015ftirilmesi yasaklanm\u0131\u015ft\u0131r. Bu durum da t\u00fcp bebek y\u00f6ntemi ile ortaya \u00e7\u0131kan \u00e7o\u011ful gebelikleri azaltm\u0131\u015ft\u0131r.<\/p>\n<div class=\"row\"><\/div>\n<p>&nbsp;<\/p>\n<h2 id=\"cogul-gebelik-belirtileri-ve-tanisi\"><span style=\"font-size: 12pt;\">\u00c7o\u011ful Gebelik Belirtileri ve Tan\u0131s\u0131<\/span><\/h2>\n<p>\u00c7o\u011ful gebeliklerde kar\u0131n tekil gebeliklere g\u00f6re daha b\u00fcy\u00fck olur.<\/p>\n<p>Anne aday\u0131 tekil gebeliklere g\u00f6re daha fazla kilo alabilir. Ancak fazla kilo al\u0131m\u0131 ba\u015fka sebeplerden dolay\u0131 da g\u00f6r\u00fclebilir.<\/p>\n<p>Kusma ve bulant\u0131 \u00e7o\u011ful gebeliklerde daha s\u0131k g\u00f6r\u00fcl\u00fcr.<\/p>\n<p>Mesaneye uygulanan bask\u0131 y\u00fcz\u00fcnden \u00e7o\u011ful gebeliklerde daha \u00e7ok idrara \u00e7\u0131kma iste\u011fi olu\u015fur.<\/p>\n<p>Rahim boyutu tekil gebeliklere nazaran daha b\u00fcy\u00fckt\u00fcr.<\/p>\n<p>\u00c7o\u011ful gebelik ge\u00e7iren hamilelerde demir eksikli\u011fi g\u00f6r\u00fclebilir.<\/p>\n<p>Halsizlik ve yorgunluk, tekil gebeliklere g\u00f6re daha yo\u011fun ya\u015fan\u0131r.<\/p>\n<p>B-HCG de\u011feri \u00e7o\u011ful gebeliklerde daha y\u00fcksek \u00e7\u0131kabilir. Ancak bu de\u011ferin y\u00fcksek \u00e7\u0131kmas\u0131 kesinlikle \u00e7o\u011ful gebeli\u011fin oldu\u011fu anlam\u0131na gelmez.<\/p>\n<p>\u00c7o\u011ful gebeli\u011fi en kesin \u015fekilde tespit etme yolu ultrasondur. 6. haftadan sonra doktor kontrol\u00fcnde yap\u0131lacak olan ultrason g\u00f6r\u00fcnt\u00fclemesinde, bebeklerin say\u0131s\u0131 net bir \u015fekilde g\u00f6r\u00fcl\u00fcr.<\/p>\n<p>&nbsp;<\/p>\n<p>&nbsp;<\/p>\n<p>&nbsp;<\/p>\n<p>&nbsp;<\/p>\n<p>Sayfa bilgilendirme ama\u00e7l\u0131d\u0131r. Tan\u0131 ve Tedavi i\u00e7in doktorunuza ba\u015fvurunuz.<\/p>\n<pre>G\u00fcncelleme Tarihi 18.11.2024<\/pre>\n<p>[\/vc_column_text][\/vc_column][\/vc_row]<\/p>\n","protected":false},"excerpt":{"rendered":"<p>[vc_row][vc_column][vc_column_text] \u00c7o\u011ful Gebelik Nedir? Birden fazla yumurtan\u0131n ayn\u0131 anda d\u00f6llenmesi veya tek yumurtadan ikiye ya da daha fazla b\u00f6l\u00fcnen h\u00fccrelerin ayr\u0131 embriyolar olu\u015fturmas\u0131 \u00e7o\u011ful gebelik olarak adland\u0131r\u0131l\u0131r. En s\u0131k g\u00f6r\u00fclen \u00e7o\u011ful gebelik, ikiz gebeliktir. \u00c7o\u011ful gebelikler her 1000 gebeli\u011fin 3\u2019\u00fcnde ger\u00e7ekle\u015fir. Ancak son zamanlarda bu oran, \u00fcremeye yard\u0131mc\u0131 t\u00fcp bebek gibi tedavi y\u00f6ntemlerinin uygulanmas\u0131 ile&hellip;<\/p>\n","protected":false},"author":2,"featured_media":0,"parent":0,"menu_order":0,"comment_status":"closed","ping_status":"closed","template":"","meta":{"inline_featured_image":false,"_joinchat":[]},"_links":{"self":[{"href":"https:\/\/drzeynepgedikozkose.com\/index.php?rest_route=\/wp\/v2\/pages\/1745"}],"collection":[{"href":"https:\/\/drzeynepgedikozkose.com\/index.php?rest_route=\/wp\/v2\/pages"}],"about":[{"href":"https:\/\/drzeynepgedikozkose.com\/index.php?rest_route=\/wp\/v2\/types\/page"}],"author":[{"embeddable":true,"href":"https:\/\/drzeynepgedikozkose.com\/index.php?rest_route=\/wp\/v2\/users\/2"}],"replies":[{"embeddable":true,"href":"https:\/\/drzeynepgedikozkose.com\/index.php?rest_route=%2Fwp%2Fv2%2Fcomments&post=1745"}],"version-history":[{"count":3,"href":"https:\/\/drzeynepgedikozkose.com\/index.php?rest_route=\/wp\/v2\/pages\/1745\/revisions"}],"predecessor-version":[{"id":1976,"href":"https:\/\/drzeynepgedikozkose.com\/index.php?rest_route=\/wp\/v2\/pages\/1745\/revisions\/1976"}],"wp:attachment":[{"href":"https:\/\/drzeynepgedikozkose.com\/index.php?rest_route=%2Fwp%2Fv2%2Fmedia&parent=1745"}],"curies":[{"name":"wp","href":"https:\/\/api.w.org\/{rel}","templated":true}]}}