{"id":1743,"date":"2024-11-15T13:45:58","date_gmt":"2024-11-15T10:45:58","guid":{"rendered":"http:\/\/drzeynepgedikozkose.com\/?page_id=1743"},"modified":"2024-11-21T14:24:43","modified_gmt":"2024-11-21T11:24:43","slug":"riskli-gebelik-takibi-ve-dogum","status":"publish","type":"page","link":"https:\/\/drzeynepgedikozkose.com\/?page_id=1743","title":{"rendered":"Riskli Gebelik Takibi ve Do\u011fum"},"content":{"rendered":"<p>[vc_row][vc_column][vc_column_text]<strong>Riskli gebelik takibi<\/strong>; hamilelik s\u00fcrecinde anne ve bebek sa\u011fl\u0131\u011f\u0131n\u0131 tehlikeye atabilecek bir fakt\u00f6r\u00fcn var olmas\u0131 halinde ger\u00e7ekle\u015ftirilen takip s\u00fcrecidir. 9 ay s\u00fcren hamilelik d\u00f6nemi boyunca, bebe\u011fin geli\u015fimi ve annenin sa\u011fl\u0131\u011f\u0131, kad\u0131n do\u011fum uzman\u0131 hekimlerce takip alt\u0131nda tutulur. Bu s\u00fcre i\u00e7erisinde, d\u00fc\u015f\u00fc\u011fe neden olabilecek, anne ve bebek sa\u011fl\u0131\u011f\u0131n\u0131 riske atabilecek bir fakt\u00f6r s\u00f6z konusu oldu\u011funda, riskli gebelik takibine ba\u015fvurulur. Riskli gebelik takibi, \u00f6zel bir ihtisas alan\u0131d\u0131r. Bu alanda uzmanla\u015fm\u0131\u015f, kad\u0131n hastal\u0131klar\u0131 ve do\u011fum uzman\u0131 hekimlerce ger\u00e7ekle\u015ftirilir.<\/p>\n<p><span style=\"font-size: 12pt;\"><strong>Riskli Gebelik Takibi Nedir?<\/strong><\/span><\/p>\n<p>Hamilelik s\u00fcrecinde, anne ve bebek sa\u011fl\u0131\u011f\u0131n\u0131 tehlikeye sokacak fakt\u00f6rlerin var olmas\u0131 halinde, riskli gebelik takibine ba\u015fvurulur. Normal bir hamilelik s\u00fcrecinde, hem bebe\u011fin geli\u015fimsel s\u00fcreci, hem de annenin sa\u011fl\u0131k durumu, gebelik takibi ile kontrol alt\u0131nda tutulur. Riskli gebeliklerde ise gebelik takibi, daha \u00f6zel bir planlama gerektirir. Bu planlama, mevcut olan risk fakt\u00f6rlerine g\u00f6re yap\u0131l\u0131r.<\/p>\n<p><span style=\"font-size: 12pt;\"><strong>Riskli Gebelik Takibini Hangi Doktor Yapar?<\/strong><\/span><\/p>\n<p>Riskli gebelik takibi, \u00f6zel bir ihtisasla\u015fma gerektirir. 6 y\u0131ll\u0131k t\u0131p e\u011fitimini tamamlad\u0131ktan sonra, kad\u0131n hastal\u0131klar\u0131 ve do\u011fum alan\u0131nda uzmanla\u015fan doktorlar, bir \u00fcst uzmanla\u015fma alan\u0131 olan riskli gebelik konusunda da uzmanla\u015fabilirler. Riskli gebelikler konusunda 3 y\u0131l s\u00fcren bir uzmanla\u015fmayla beraber bu hekimler, perinatolog unvan\u0131n\u0131 al\u0131rlar. Bu sayede, perinatoloji olarak da adland\u0131r\u0131lan riskli gebelikler konusunda sa\u011fl\u0131k hizmeti sunabilirler.<\/p>\n<p>&nbsp;<\/p>\n<p>&nbsp;<\/p>\n<p>&nbsp;<\/p>\n<div>\n<p>Sayfa bilgilendirme ama\u00e7l\u0131d\u0131r. Tan\u0131 ve Tedavi i\u00e7in doktorunuza ba\u015fvurunuz.<\/p>\n<pre>G\u00fcncelleme Tarihi 18.11.2024<\/pre>\n<\/div>\n<div><\/div>\n<p>[\/vc_column_text][\/vc_column][\/vc_row]<\/p>\n","protected":false},"excerpt":{"rendered":"<p>[vc_row][vc_column][vc_column_text]Riskli gebelik takibi; hamilelik s\u00fcrecinde anne ve bebek sa\u011fl\u0131\u011f\u0131n\u0131 tehlikeye atabilecek bir fakt\u00f6r\u00fcn var olmas\u0131 halinde ger\u00e7ekle\u015ftirilen takip s\u00fcrecidir. 9 ay s\u00fcren hamilelik d\u00f6nemi boyunca, bebe\u011fin geli\u015fimi ve annenin sa\u011fl\u0131\u011f\u0131, kad\u0131n do\u011fum uzman\u0131 hekimlerce takip alt\u0131nda tutulur. Bu s\u00fcre i\u00e7erisinde, d\u00fc\u015f\u00fc\u011fe neden olabilecek, anne ve bebek sa\u011fl\u0131\u011f\u0131n\u0131 riske atabilecek bir fakt\u00f6r s\u00f6z konusu oldu\u011funda, riskli&hellip;<\/p>\n","protected":false},"author":2,"featured_media":0,"parent":0,"menu_order":0,"comment_status":"closed","ping_status":"closed","template":"","meta":{"inline_featured_image":false,"_joinchat":[]},"_links":{"self":[{"href":"https:\/\/drzeynepgedikozkose.com\/index.php?rest_route=\/wp\/v2\/pages\/1743"}],"collection":[{"href":"https:\/\/drzeynepgedikozkose.com\/index.php?rest_route=\/wp\/v2\/pages"}],"about":[{"href":"https:\/\/drzeynepgedikozkose.com\/index.php?rest_route=\/wp\/v2\/types\/page"}],"author":[{"embeddable":true,"href":"https:\/\/drzeynepgedikozkose.com\/index.php?rest_route=\/wp\/v2\/users\/2"}],"replies":[{"embeddable":true,"href":"https:\/\/drzeynepgedikozkose.com\/index.php?rest_route=%2Fwp%2Fv2%2Fcomments&post=1743"}],"version-history":[{"count":3,"href":"https:\/\/drzeynepgedikozkose.com\/index.php?rest_route=\/wp\/v2\/pages\/1743\/revisions"}],"predecessor-version":[{"id":2002,"href":"https:\/\/drzeynepgedikozkose.com\/index.php?rest_route=\/wp\/v2\/pages\/1743\/revisions\/2002"}],"wp:attachment":[{"href":"https:\/\/drzeynepgedikozkose.com\/index.php?rest_route=%2Fwp%2Fv2%2Fmedia&parent=1743"}],"curies":[{"name":"wp","href":"https:\/\/api.w.org\/{rel}","templated":true}]}}